ber?
False
Is 11706559 prime?
True
Is 54228913 a composite number?
False
Is 2516603 prime?
True
Is 127363597 a prime number?
True
Is 2952721 a composite number?
False
Is 193031417 a prime number?
True
Is 4717063 composite?
True
Is 50307542 prime?
False
Is 191290907 prime?
True
Is 7286777 a prime number?
True
Is 1205587 a prime number?
False
Is 773363 composite?
False
Is 257403463 prime?
True
Is 3253631 a prime number?
True
Is 557228731 prime?
False
Is 1167712999 prime?
False
Is 122073253 a prime number?
True
Is 99778453 a prime number?
False
Is 9445522 prime?
False
Is 25253159 prime?
True
Is 3277313 prime?
False
Is 13059079 a prime number?
False
Is 3697787 composite?
False
Is 1539301 a composite number?
False
Is 2828449 a composite number?
True
Is 274627421 a composite number?
False
Is 10653971 a composite number?
False
Is 854729 composite?
False
Is 152550049 prime?
False
Is 729766757 prime?
True
Is 7202513 a prime number?
True
Is 25165193 a composite number?
False
Is 8743607 a composite number?
True
Is 7111189 composite?
True
Is 9255737 a composite number?
False
Is 17269363 composite?
False
Is 728809 a composite number?
False
Is 207979 a prime number?
False
Is 490420163 a prime number?
False
Is 28555997 a composite number?
True
Is 28429823 a composite number?
False
Is 530083 composite?
True
Is 260885449 a prime number?
False
Is 537428321 a prime number?
False
Is 8730679 a composite number?
True
Is 2431531 a composite number?
True
Is 437195789 prime?
True
Is 38627257 a prime number?
True
Is 10221133 prime?
False
Is 17783543 a prime number?
False
Is 138959 a prime number?
True
Is 3115349 prime?
False
Is 1042913 prime?
False
Is 65777781 a composite number?
True
Is 1998547 prime?
False
Is 354671547 composite?
True
Is 23034917 composite?
True
Is 2493158 prime?
False
Is 49820213 composite?
True
Is 1098751 composite?
True
Is 93601979 prime?
True
Is 2136643 composite?
False
Is 12275986 composite?
True
Is 10508851 a composite number?
True
Is 155797189 prime?
False
Is 46659703 a composite number?
False
Is 170302487 composite?
True
Is 992776354 composite?
True
Is 549541777 prime?
True
Is 1065209 composite?
False
Is 16383881 a prime number?
False
Is 479398 a prime number?
False
Is 171600505 prime?
False
Is 2513281 a composite number?
False
Is 55207879 a prime number?
False
Is 1374151 composite?
True
Is 1107523 prime?
True
Is 1117591 a prime number?
True
Is 26247739 composite?
True
Is 43205399 a composite number?
False
Is 40782485 a prime number?
False
Is 392261 a prime number?
True
Is 265086113 composite?
False
Is 100312985 a composite number?
True
Is 49845097 prime?
True
Is 218165161 a composite number?
False
Is 134070449 a prime number?
False
Is 85311571 composite?
True
Is 310841439 prime?
False
Is 21715259 prime?
True
Is 2369519 prime?
True
Is 46492853 prime?
False
Is 147841 composite?
True
Is 1425423 a prime number?
False
Is 5163727 prime?
True
Is 831881 prime?
True
Is 114046097 a composite number?
True
Is 17006873 a prime number?
False
Is 5891971 composite?
False
Is 3682181 prime?
False
Is 40076353 composite?
False
Is 56676607 composite?
True
Is 64041163 prime?
True
Is 11894423 prime?
True
Is 11265851 a prime number?
True
Is 3383801 prime?
True
Is 138662777 composite?
True
Is 46879069 a composite number?
True
Is 77860603 composite?
True
Is 11943733 prime?
True
Is 48071911 prime?
True
Is 98625283 composite?
False
Is 3694741 composite?
False
Is 948397 prime?
False
Is 867379 a composite number?
True
Is 919257 a prime number?
False
Is 55606457 a composite number?
True
Is 24140209 a prime number?
False
Is 136989187 a composite number?
False
Is 5144757 prime?
False
Is 1235711 a composite number?
False
Is 9978119 a prime number?
True
Is 439448255 composite?
True
Is 81203621 a prime number?
True
Is 4222706 a prime number?
False
Is 35311489 a prime number?
True
Is 3018671 prime?
False
Is 3500647 a composite number?
True
Is 58489199 prime?
True
Is 2539753 a composite number?
False
Is 22436831 a composite number?
False
Is 76913351 prime?
True
Is 10112813 a prime number?
True
Is 36300217 prime?
True
Is 630157 a composite number?
True
Is 44892601 a composite number?
True
Is 204051761 a composite number?
False
Is 21733115 a prime number?
False
Is 207405377 composite?
True
Is 4023797 a prime number?
False
Is 4294985 a prime number?
False
Is 1558429 composite?
True
Is 45314831 a prime number?
True
Is 11834681 a prime number?
True
Is 7148387 prime?
True
Is 49977457 a composite number?
True
Is 6050291 prime?
False
Is 13431487 a prime number?
False
Is 88286957 a composite number?
True
Is 19642267 prime?
True
Is 22138159 a composite number?
False
Is 2562383 prime?
True
Is 4684513 prime?
False
Is 662999 a prime number?
True
Is 139562857 a composite number?
True
Is 2180911 prime?
True
Is 120116851 prime?
False
Is 162381053 a prime number?
False
Is 11151722 prime?
False
Is 14409518 a composite number?
True
Is 1199669 composite?
True
Is 33713573 prime?
False
Is 105694123 prime?
True
Is 12441985 prime?
False
Is 26116121 a composite number?
True
Is 17482379 a composite number?
False
Is 14158513 composite?
False
Is 18673379 composite?
False
Is 1981513 prime?
True
Is 3960127 a composite number?
True
Is 1049220226 composite?
True
Is 79264579 a prime number?
True
Is 219868081 a prime number?
True
Is 336181 composite?
False
Is 11764009 prime?
True
Is 1167154 prime?
False
Is 1486393 a prime number?
False
Is 149719123 prime?
True
Is 13309039 prime?
False
Is 336099074 composite?
True
Is 2638501 composite?
False
Is 4721999 composite?
False
Is 1274971 a composite number?
True
Is 4304291 a prime number?
True
Is 172495502 composite?
True
Is 39679051 a prime number?
True
Is 753514 composite?
True
Is 3027397 prime?
False
Is 78127089 a prime number?
False
Is 363571051 a composite number?
True
Is 3599593 prime?
False
Is 17583911 prime?
False
Is 19661199 a prime number?
False
Is 3176947 a composite number?
True
Is 109096667 composite?
True
Is 810793 a prime number?
False
Is 2114371 prime?
False
Is 73603987 a composite number?
False
Is 21736093 a prime number?
True
Is 10014551 composite?
False
Is 256692457 composite?
True
Is 6719477 a composite number?
False
Is 4253993 prime?
False
Is 424819 a prime number?
True
Is 176270659 prime?
True
Is 133409845 a prime number?
False
Is 17796041 a composite number?
False
Is 606707 composite?
True
Is 406309 a prime number?
True
Is 1147781 a prime number?
False
Is 10776973 composite?
True
Is 2503559 a composite number?
False
Is 3955487 a composite number?
True
Is 996356563 a composite number?
False
Is 11554799 prime?
True
Is 487381 a composite number?
False
Is 31470473 composite?
True
Is 10523861 a composite number?
True
Is 71181223 prime?
True
Is 2593477 composite?
False
Is 17196493 prime?
False
Is 4825855 composite?
True
Is 198194461 prime?
True
Is 6573823 prime?
False
Is 5968121 a prime number?
True
Is 26648971 prime?
False
Is 22747589 a composite number?
False
Is 50715497 prime?
False
Is 12433949 composite?
True
Is 98151517 a composite number?
False
Is 17588033 composite?
False
Is 850483 prime?
False
Is 11031047 a composite number?
False
Is 1550597 prime?
True
Is 4087937 composite?
True
Is 2975227 a composite number?
False
Is 2182007 composite?
False
Is 256757 a prime number?
True
Is 11880373 composite?
True
Is 109424071 a prime number?
True
Is 7343827 composite?
False
Is 492928201 a composite number?
False
Is 12250613 a prime number?
True
Is 1584387161 a prime number?
False
Is 2199323 a composite number?
True
Is 128552101 a prime number?
True
Is 2112413 composite?
False
Is 657919 composite?
True
Is 176610769 a composite number?
False
Is 57352381 prime?
False
Is 2320519 a prime number?
True
Is 12202549 composite?
True
Is 100706029 a prime number?
False
Is 25728382 prime?
False
Is 2409667 a prime number?
False
Is 604123 prime?
False
Is 101861743 prime?
False
Is 211511081 a prime number?
False
Is 7095961 a composite number?
False
Is 11042377 a prime number?
False
Is 820679 prime?
True
Is 5620583 a prime number?
True
Is 346270917 a prime number?
False
Is 6286361 composite?
False
Is 248735667 a composite number?
True
Is 1417501 composite?
True
Is 9335233 composite?
False
Is 736091 prime?
True
Is 7475701 composite?
False
Is 22733 a prime number?
False
I